e prime factors of 279119.
279119
What are the prime factors of 5165747?
31, 71, 2347
List the prime factors of 390388.
2, 17, 5741
What are the prime factors of 10865333?
137, 79309
List the prime factors of 23855611.
13, 83, 22109
What are the prime factors of 8527645?
5, 7, 243647
What are the prime factors of 7693511?
7, 139, 7907
What are the prime factors of 2412988?
2, 43, 14029
List the prime factors of 367746.
2, 3, 61291
List the prime factors of 619065.
3, 5, 13757
What are the prime factors of 5211475?
5, 208459
List the prime factors of 181813.
181813
List the prime factors of 217443.
3, 72481
What are the prime factors of 448412?
2, 112103
What are the prime factors of 6615215?
5, 1323043
What are the prime factors of 601685?
5, 7, 17191
What are the prime factors of 4139754?
2, 3, 689959
What are the prime factors of 29140038?
2, 3, 1618891
List the prime factors of 1160413.
1160413
List the prime factors of 8672487.
3, 47, 61507
What are the prime factors of 6533098?
2, 11, 13, 53, 431
What are the prime factors of 3046136?
2, 37, 41, 251
What are the prime factors of 29519879?
23, 1283473
List the prime factors of 564300.
2, 3, 5, 11, 19
What are the prime factors of 709096?
2, 151, 587
What are the prime factors of 2050232?
2, 256279
List the prime factors of 65634.
2, 3, 10939
List the prime factors of 1076108.
2, 11, 37, 661
What are the prime factors of 5473923?
3, 7, 13, 20051
List the prime factors of 13791271.
13, 1060867
List the prime factors of 187659.
3, 29, 719
List the prime factors of 463356.
2, 3, 61, 211
What are the prime factors of 11918724?
2, 3, 827, 1201
List the prime factors of 634320.
2, 3, 5, 881
List the prime factors of 409653.
3, 23, 1979
What are the prime factors of 104163?
3, 34721
What are the prime factors of 314323?
523, 601
What are the prime factors of 11909083?
11909083
List the prime factors of 188236.
2, 47059
What are the prime factors of 1006078?
2, 503039
List the prime factors of 8920691.
13, 443, 1549
List the prime factors of 34755.
3, 5, 7, 331
What are the prime factors of 209491?
17, 12323
What are the prime factors of 27100822?
2, 7, 17, 16267
What are the prime factors of 572179?
572179
List the prime factors of 923497.
71, 13007
List the prime factors of 11396.
2, 7, 11, 37
List the prime factors of 20040660.
2, 3, 5, 111337
What are the prime factors of 300390?
2, 3, 5, 17, 19, 31
List the prime factors of 4465264.
2, 73, 3823
What are the prime factors of 30717890?
2, 5, 7, 438827
What are the prime factors of 1028727?
3, 7, 5443
List the prime factors of 1620731.
7, 231533
What are the prime factors of 12846549?
3, 4282183
List the prime factors of 466465.
5, 29, 3217
What are the prime factors of 453656?
2, 7, 8101
List the prime factors of 168393.
3, 56131
List the prime factors of 10161015.
3, 5, 131, 5171
What are the prime factors of 258149?
37, 6977
List the prime factors of 15977830.
2, 5, 11, 145253
List the prime factors of 2267913.
3, 521, 1451
List the prime factors of 334036.
2, 37, 61
What are the prime factors of 551960?
2, 5, 13799
What are the prime factors of 15065155?
5, 7, 430433
What are the prime factors of 7814527?
7, 61, 18301
What are the prime factors of 635190?
2, 3, 5, 31, 683
List the prime factors of 4745817.
3, 137, 1283
List the prime factors of 557216.
2, 11, 1583
List the prime factors of 5468452.
2, 11, 37, 3359
List the prime factors of 1498368.
2, 3, 1951
What are the prime factors of 154291?
154291
What are the prime factors of 107439?
3, 59, 607
List the prime factors of 737.
11, 67
What are the prime factors of 1434938?
2, 137, 5237
What are the prime factors of 2073640?
2, 5, 47, 1103
List the prime factors of 199636.
2, 29, 1721
List the prime factors of 25717.
25717
List the prime factors of 729921.
3, 467, 521
List the prime factors of 18466202.
2, 1279, 7219
What are the prime factors of 475462?
2, 13, 18287
List the prime factors of 1514158.
2, 397, 1907
List the prime factors of 651184.
2, 40699
What are the prime factors of 3114625?
5, 24917
What are the prime factors of 14359346?
2, 47, 173, 883
What are the prime factors of 4231878?
2, 3, 7, 17, 5927
List the prime factors of 10076621.
10076621
List the prime factors of 2636203.
2636203
List the prime factors of 368595.
3, 5, 8191
What are the prime factors of 15549819?
3, 439, 11807
What are the prime factors of 162452?
2, 17, 2389
What are the prime factors of 10251903?
3, 71, 48131
List the prime factors of 950998.
2, 47, 67, 151
What are the prime factors of 300920?
2, 5, 7523
What are the prime factors of 11814250?
2, 5, 7, 43, 157
List the prime factors of 5246697.
3, 1748899
List the prime factors of 181062.
2, 3, 7, 479
List the prime factors of 243830.
2, 5, 37, 659
List the prime factors of 650986.
2, 7, 46499
List the prime factors of 15706278.
2, 3, 7, 37, 1123
What are the prime factors of 14753092?
2, 79, 46687
What are the prime factors of 507620?
2, 5, 17, 1493
What are the prime factors of 2755148?
2, 11, 62617
List the prime factors of 126650.
2, 5, 17, 149
List the prime factors of 10144917.
3, 19, 41, 1447
List the prime factors of 651654.
2, 3, 41, 883
What are the prime factors of 204202?
2, 102101
What are the prime factors of 2387854?
2, 7, 17, 79, 127
What are the prime factors of 735622?
2, 41, 8971
What are the prime factors of 517948?
2, 31, 4177
What are the prime factors of 197376?
2, 3, 257
List the prime factors of 1455373.
1455373
What are the prime factors of 11432837?
13, 879449
List the prime factors of 198856.
2, 7, 53, 67
List the prime factors of 2426919.
3, 11, 251, 293
List the prime factors of 204828.
2, 3, 13, 101
What are the prime factors of 1245306?
2, 3, 207551
What are the prime factors of 12048974?
2, 7, 860641
List the prime factors of 4604723.
4604723
List the prime factors of 342729.
3, 113, 337
What are the prime factors of 11251040?
2, 5, 19, 3701
What are the prime factors of 19401993?
3, 13, 165829
List the prime factors of 17753788.
2, 13, 26263
List the prime factors of 1439093.
47, 67, 457
What are the prime factors of 16885138?
2, 113, 74713
List the prime factors of 24195.
3, 5, 1613
What are the prime factors of 255466?
2, 127733
What are the prime factors of 1252546?
2, 157, 3989
What are the prime factors of 10090888?
2, 59, 21379
List the prime factors of 4936203.
3, 331, 1657
What are the prime factors of 135936?
2, 3, 59
List the prime factors of 1908047.
1908047
What are the prime factors of 31010762?
2, 23, 523, 1289
List the prime factors of 188346.
2, 3, 31391
List the prime factors of 5060476.
2, 1265119
List the prime factors of 7212784.
2, 450799
List the prime factors of 41412532.
2, 7, 487, 3037
What are the prime factors of 2172356?
2, 31, 17519
List the prime factors of 4231522.
2, 2115761
What are the prime factors of 3925146?
2, 3, 654191
List the prime factors of 38788447.
79, 490993
List the prime factors of 61276.
2, 15319
What are the prime factors of 130186?
2, 7, 17, 547
What are the prime factors of 13831397?
13831397
What are the prime factors of 109017?
3, 12113
What are the prime factors of 421150?
2, 5, 8423
What are the prime factors of 108970?
2, 5, 17, 641
List the prime factors of 6697293.
3, 43, 193, 269
What are the prime factors of 196903?
7, 23, 1223
What are the prime factors of 265113?
3, 1091
List the prime factors of 1026632.
2, 181, 709
What are the prime factors of 447507?
3, 19, 2617
List the prime factors of 1435990.
2, 5, 17, 8447
List the prime factors of 1390680.
2, 3, 5, 3863
List the prime factors of 355395.
3, 5, 19, 29, 43
What are the prime factors of 71305?
5, 13, 1097
What are the prime factors of 1182312?
2, 3, 16421
What are the prime factors of 10921336?
2, 1365167
List the prime factors of 16447.
16447
List the prime factors of 547242.
2, 3, 223, 409
List the prime factors of 208186.
2, 11, 9463
List the prime factors of 3148914.
2, 3, 269, 1951
List the prime factors of 1200504.
2, 3, 50021
List the prime factors of 433261.
433261
List the prime factors of 1566358.
2, 37, 61, 347
What are the prime factors of 73303?
73303
What are the prime factors of 631082?
2, 97, 3253
List the prime factors of 1059635.
5, 211927
What are the prime factors of 69157?